ctors of 11841441.
3, 3947147
List the prime factors of 557176.
2, 257, 271
What are the prime factors of 5608419?
3, 17, 277, 397
List the prime factors of 1027743.
3, 31, 43, 257
What are the prime factors of 817553?
11, 74323
List the prime factors of 358849.
241, 1489
List the prime factors of 415263.
3, 149, 929
List the prime factors of 183681.
3, 6803
What are the prime factors of 8608004?
2, 2152001
What are the prime factors of 11434765?
5, 2286953
What are the prime factors of 21031649?
307, 68507
What are the prime factors of 10020414?
2, 3, 37, 45137
What are the prime factors of 18262492?
2, 4565623
What are the prime factors of 27737730?
2, 3, 5, 41, 7517
What are the prime factors of 426303?
3, 19, 277
What are the prime factors of 13551726?
2, 3, 2258621
List the prime factors of 335539.
335539
List the prime factors of 2346307.
41, 89, 643
List the prime factors of 910946.
2, 455473
List the prime factors of 1162882.
2, 7, 83063
List the prime factors of 216614.
2, 17, 23, 277
List the prime factors of 49279.
49279
What are the prime factors of 147033?
3, 17, 31
What are the prime factors of 508269?
3, 19, 37, 241
List the prime factors of 340382.
2, 7, 41, 593
What are the prime factors of 373459?
373459
List the prime factors of 401704.
2, 149, 337
What are the prime factors of 286189?
23, 541
What are the prime factors of 1111479?
3, 370493
What are the prime factors of 11883341?
19, 23, 71, 383
List the prime factors of 7368314.
2, 19, 97, 1999
What are the prime factors of 1794165?
3, 5, 119611
List the prime factors of 2054769.
3, 684923
List the prime factors of 26537856.
2, 3, 69109
List the prime factors of 336966.
2, 3, 7, 71, 113
What are the prime factors of 6211511?
17, 191, 1913
What are the prime factors of 3153269?
7, 41, 10987
What are the prime factors of 29693?
23, 1291
What are the prime factors of 1458504?
2, 3, 47, 431
What are the prime factors of 12300098?
2, 6150049
List the prime factors of 28156715.
5, 23, 244841
What are the prime factors of 2414844?
2, 3, 67079
List the prime factors of 9436514.
2, 4718257
List the prime factors of 1598695.
5, 7, 45677
What are the prime factors of 267764?
2, 7, 73, 131
What are the prime factors of 4542622?
2, 7, 324473
List the prime factors of 1082897.
1013, 1069
List the prime factors of 739474.
2, 31, 11927
List the prime factors of 119687.
119687
What are the prime factors of 948037?
23, 47, 877
What are the prime factors of 15780964?
2, 17, 232073
List the prime factors of 522733.
17, 97, 317
What are the prime factors of 277365?
3, 5, 11, 41
List the prime factors of 2910965.
5, 577, 1009
List the prime factors of 25678664.
2, 11, 31, 9413
List the prime factors of 26429.
13, 19, 107
List the prime factors of 113049.
3, 53, 79
List the prime factors of 121707.
3, 13523
What are the prime factors of 112821?
3, 37607
List the prime factors of 393097.
393097
What are the prime factors of 1701276?
2, 3, 141773
List the prime factors of 42313.
17, 19, 131
List the prime factors of 31520591.
43, 61, 197
What are the prime factors of 718413?
3, 101, 2371
List the prime factors of 5745840.
2, 3, 5, 89, 269
What are the prime factors of 13293365?
5, 97, 27409
What are the prime factors of 352933?
7, 127, 397
List the prime factors of 734618.
2, 367309
What are the prime factors of 191279?
11, 17389
List the prime factors of 1763309.
37, 47657
What are the prime factors of 4684334?
2, 43, 54469
List the prime factors of 496004.
2, 124001
List the prime factors of 17620236.
2, 3, 83, 5897
List the prime factors of 809502.
2, 3, 134917
What are the prime factors of 155382?
2, 3, 19, 29, 47
What are the prime factors of 1010895?
3, 5, 19, 3547
List the prime factors of 18154.
2, 29, 313
List the prime factors of 5696093.
13, 29, 521
List the prime factors of 5538893.
5538893
What are the prime factors of 11785016?
2, 19, 23, 3371
What are the prime factors of 501746?
2, 7, 35839
What are the prime factors of 15816795?
3, 5, 617, 1709
What are the prime factors of 27795?
3, 5, 17, 109
List the prime factors of 212384.
2, 6637
List the prime factors of 5393906.
2, 7, 385279
What are the prime factors of 1722426?
2, 3, 19, 29, 521
List the prime factors of 18337.
11, 1667
List the prime factors of 154905.
3, 5, 23, 449
List the prime factors of 5669020.
2, 5, 7, 40493
What are the prime factors of 204339?
3, 68113
List the prime factors of 4209809.
4209809
What are the prime factors of 25691027?
149, 172423
What are the prime factors of 2485041?
3, 13, 63719
What are the prime factors of 906178?
2, 7, 13, 383
What are the prime factors of 74659?
13, 5743
List the prime factors of 1022188.
2, 421, 607
What are the prime factors of 393622?
2, 23, 43, 199
List the prime factors of 17434.
2, 23, 379
What are the prime factors of 35351?
23, 29, 53
List the prime factors of 2133736.
2, 11, 24247
List the prime factors of 883974.
2, 3, 7, 13, 1619
List the prime factors of 1429889.
1429889
List the prime factors of 11678787.
3, 19, 163, 419
List the prime factors of 36955.
5, 19, 389
List the prime factors of 6929008.
2, 53, 8171
List the prime factors of 829264.
2, 51829
What are the prime factors of 14505891?
3, 4835297
List the prime factors of 1029666.
2, 3, 11, 15601
What are the prime factors of 1066477?
47, 22691
List the prime factors of 13467577.
97, 138841
List the prime factors of 526841.
7, 73, 1031
List the prime factors of 377581.
377581
What are the prime factors of 14153352?
2, 3, 233, 2531
List the prime factors of 270833.
270833
List the prime factors of 415508.
2, 109, 953
List the prime factors of 2049472.
2, 31, 1033
List the prime factors of 6100157.
7, 124493
What are the prime factors of 1099122?
2, 3, 37, 4951
What are the prime factors of 305960?
2, 5, 7649
What are the prime factors of 219723?
3, 7, 10463
What are the prime factors of 856967?
389, 2203
What are the prime factors of 344139?
3, 114713
List the prime factors of 8150.
2, 5, 163
List the prime factors of 241184.
2, 7537
What are the prime factors of 93361?
89, 1049
List the prime factors of 3928288.
2, 7, 13, 19, 71
What are the prime factors of 3258933?
3, 29, 47, 797
What are the prime factors of 207240?
2, 3, 5, 11, 157
What are the prime factors of 11744238?
2, 3, 11, 177943
List the prime factors of 1085397.
3, 361799
What are the prime factors of 589010?
2, 5, 58901
What are the prime factors of 67667?
157, 431
What are the prime factors of 21939182?
2, 41, 267551
List the prime factors of 672155.
5, 11, 101
What are the prime factors of 107777?
107777
What are the prime factors of 271235?
5, 17, 3191
What are the prime factors of 1152254?
2, 23, 37, 677
List the prime factors of 61584.
2, 3, 1283
List the prime factors of 82659.
3, 59, 467
What are the prime factors of 1804540?
2, 5, 90227
What are the prime factors of 26208774?
2, 3, 857, 1699
List the prime factors of 510381.
3, 6301
List the prime factors of 400481.
400481
What are the prime factors of 10660080?
2, 3, 5, 44417
What are the prime factors of 53576?
2, 37, 181
What are the prime factors of 1127143?
29, 38867
What are the prime factors of 53828?
2, 13457
What are the prime factors of 18508706?
2, 71, 130343
List the prime factors of 6502975.
5, 467, 557
What are the prime factors of 5369542?
2, 2684771
What are the prime factors of 612300?
2, 3, 5, 13, 157
List the prime factors of 10260790.
2, 5, 347, 2957
List the prime factors of 5093239.
317, 16067
List the prime factors of 1034448.
2, 3, 23, 937
What are the prime factors of 1374683?
1374683
What are the prime factors of 298919?
337, 887
List the prime factors of 763568.
2, 13, 3671
What are the prime factors of 1342005?
3, 5, 7, 12781
What are the prime factors of 712341?
3, 7, 3769
List the prime factors of 22044126.
2, 3, 13, 282617
What are the prime factors of 150253?
97, 1549
What are the prime factors of 9696660?
2, 3, 5, 161611
What are the prime factors of 14551?
14551
What are the prime factors of 2236703?
7, 6521
What are the prime factors of 4461480?
2, 3, 5, 17
What are the prime factors of 4943498?
2, 7, 17, 20771
What are the prime factors of 41077543?
13, 29, 108959
List the prime factors of 867907.
31, 27997
What are the prime factors of 4529